{"id":243773,"date":"2026-01-18T06:15:03","date_gmt":"2026-01-18T05:15:03","guid":{"rendered":"https:\/\/www.aupa-immo.com\/seasonal-rental\/messanges-asa-adosada-entre-playa-y-pueblo\/"},"modified":"2026-04-29T15:43:35","modified_gmt":"2026-04-29T13:43:35","slug":"messanges-asa-adosada-entre-playa-y-pueblo","status":"publish","type":"seasonal_rental","link":"https:\/\/www.aupa-immo.com\/es\/alquiler-temporal\/messanges-asa-adosada-entre-playa-y-pueblo\/","title":{"rendered":"Messanges, asa adosada entre playa y pueblo"},"content":{"rendered":"<p>MESSANGES, en una zona muy tranquila, a s\u00f3lo 2 km de la playa y cerca de la piscina municipal, agradable casa d\u00faplex adosada con jard\u00edn soleado con orientaci\u00f3n sur. A pie o en bicicleta, venga y disfrute de los beneficios del aire de las Landas. \u00a1Para unas excelentes vacaciones, cont\u00e1ctenos!<br \/>\nSe compone de: sala de estar con sof\u00e1 y televisi\u00f3n, orientada al sur;   cocina americana con nevera-congelador, horno y placa el\u00e9ctrica, microondas;   Lavadora debajo de las escaleras. Planta alta: 1 habitaci\u00f3n con cama de 140*190, armario y ventana francesa que se abre al balc\u00f3n, 1 habitaci\u00f3n con cama de 140*190 y cama extra de 90*190, ventana, 1 ba\u00f1o con ducha, lavabo y armarios, 1 aseo separado. Cuna de viaje y trona. Capacidad: 4 personas.<br \/>\n LA LIMPIEZA DE FIN DE ESTANCIA NO EST\u00c1 INCLUIDA EN EL PRECIO DE ALQUILER (extra 90\u20ac). El seguro de cancelaci\u00f3n se ofrece con un suplemento de 1\u20ac incluido en las tarifas de reserva. Garant\u00edas de seguros disponibles bajo petici\u00f3n. Aupa Immobilier. M1012<\/p>\n","protected":false},"featured_media":3162,"template":"","meta":{"_seopress_robots_primary_cat":"","_seopress_titles_title":"","_seopress_titles_desc":"","_seopress_robots_index":"","inline_featured_image":false,"gt_fse_maillage_image":"https:\/\/www.aupa-immo.com\/wp-content\/uploads\/2025\/08\/112a.jpg","gt_fse_maillage_titre":"Messanges, asa adosada entre playa y pueblo","gt_fse_maillage_alt":"Messanges, asa adosada entre playa y pueblo","gt_fse_maillage_resume":"","_reference":"M1012","_listing_id":"112","_address":"n\u00b013 Domaine r\u00e9s. Le Mo\u00efsan\r\nAvenue des Dunes\r\n40660 MESSANGES","_latitude":43.816553,"_longitude":-1.382561,"_min_price":0,"_max_price":0,"_surface":48,"_metadata":{"residence":"","location":"Centre","exposure":"Sud","view":"Jardin","nbFloor":0,"floor":1,"capacity":5,"bedrooms":2,"singleBeds":1,"doubleBeds":2,"bathrooms":0,"showerRooms":1,"surfaceLand":50,"petsAccepted":false,"wifiIncluded":false,"securityDeposit":590,"securityDepositType":1,"cleaningFee":0,"cleaningDeposit":0,"numberOfRooms":3,"swimmingPool":false,"swimmingPoolType":0,"elevator":false,"garage":false,"parking":true,"box":false,"handicapAccess":false,"diagDPE":null},"_photos":[[{"caption":"TERRASSE","photoId":"112a","uri":"https:\/\/www.heliosconnect.fr\/clients\/024048002\/photos\/112a.jpg?ts=1618582161","alternate":false},{"caption":"SEJOUR","photoId":"112b","uri":"https:\/\/www.heliosconnect.fr\/clients\/024048002\/photos\/112b.jpg?ts=1679416624","alternate":false},{"caption":"CUISINE","photoId":"112c","uri":"https:\/\/www.heliosconnect.fr\/clients\/024048002\/photos\/112c.jpg?ts=1679416759","alternate":false},{"caption":"CHAMBRE 1","photoId":"112d","uri":"https:\/\/www.heliosconnect.fr\/clients\/024048002\/photos\/112d.jpg?ts=1679416690","alternate":false},{"caption":"CHAMBRE 2","photoId":"112e","uri":"https:\/\/www.heliosconnect.fr\/clients\/024048002\/photos\/112e.jpg?ts=1679416700","alternate":false},{"caption":"SALLE D'EAU","photoId":"112f","uri":"https:\/\/www.heliosconnect.fr\/clients\/024048002\/photos\/112f.jpg?ts=1679416709","alternate":false},{"caption":"SEJOUR","photoId":"112g","uri":"https:\/\/www.heliosconnect.fr\/clients\/024048002\/photos\/112g.jpg?ts=1679416771","alternate":false},{"caption":"VUE BALCON","photoId":"112h","uri":"https:\/\/www.heliosconnect.fr\/clients\/024048002\/photos\/112h.jpg?ts=1618582279","alternate":false},{"caption":"SEJOUR CUISINE","photoId":"112i","uri":"https:\/\/www.heliosconnect.fr\/clients\/024048002\/photos\/112i.jpg?ts=1679416817","alternate":false},{"caption":"EXTERIEUR","photoId":"112j","uri":"https:\/\/www.heliosconnect.fr\/clients\/024048002\/photos\/112j.jpg?ts=1679416831","alternate":false},{"caption":"TERRASSE","photoId":"112k","uri":"https:\/\/www.heliosconnect.fr\/clients\/024048002\/photos\/112k.jpg?ts=1679416881","alternate":true},{"caption":"TERRASSE","photoId":"112l","uri":"https:\/\/www.heliosconnect.fr\/clients\/024048002\/photos\/112l.jpg?ts=1679417016","alternate":false},{"caption":"PLAGE","photoId":"112m","uri":"https:\/\/www.heliosconnect.fr\/clients\/024048002\/photos\/112m.jpg?ts=1616435042","alternate":false},{"caption":"PLAGE","photoId":"112n","uri":"https:\/\/www.heliosconnect.fr\/clients\/024048002\/photos\/112n.jpg?ts=1679417070","alternate":false}]],"_rooms":[[{"roomId":"555","names":{"fr":"SEJOUR KITCHENETTE","en":"","es":""},"descriptions":{"fr":"","en":"","es":""},"surfaceArea":22.2,"exposure":"Sud","beds":[],"orderNumber":0},{"roomId":"556","names":{"fr":"CHAMBRE 1","en":"","es":""},"descriptions":{"fr":"lit 140*190","en":"","es":""},"surfaceArea":9.1,"exposure":"Sud","beds":[],"orderNumber":0},{"roomId":"557","names":{"fr":"CHAMBRE 2","en":"","es":""},"descriptions":{"fr":"lit 140*190 + lit appoint 90","en":"","es":""},"surfaceArea":8.9,"exposure":"Sud","beds":[],"orderNumber":0},{"roomId":"558","names":{"fr":"SALLE D'EAU","en":"","es":""},"descriptions":{"fr":"douche, lavabo","en":"","es":""},"surfaceArea":2.9,"exposure":"","beds":[],"orderNumber":0},{"roomId":"559","names":{"fr":"WC","en":"","es":""},"descriptions":{"fr":"","en":"","es":""},"surfaceArea":1.2,"exposure":"","beds":[],"orderNumber":0},{"roomId":"560","names":{"fr":"BALCON","en":"","es":""},"descriptions":{"fr":"","en":"","es":""},"surfaceArea":4.5,"exposure":"Sud","beds":[],"orderNumber":0},{"roomId":"561","names":{"fr":"terrasse","en":"","es":""},"descriptions":{"fr":"","en":"","es":""},"surfaceArea":12,"exposure":"Sud","beds":[],"orderNumber":0}]],"_is_featured":[false]},"hc_type":[550],"hc_city":[52],"hc_rooms":[53],"hc_bedrooms":[54],"hc_amenities":[36,62,190,63,39,34,230,41,64,42,43,65,44,47,48,66,49],"hc_simple_amenities":[407,67],"hc_view":[],"class_list":["post-243773","seasonal_rental","type-seasonal_rental","status-publish","has-post-thumbnail","hentry","hc_type-maison","hc_city-messanges","hc_rooms-53","hc_bedrooms-54","hc_amenities-aspirateur","hc_amenities-barbecue","hc_amenities-cafetiere-a-filtre","hc_amenities-chaise-haute","hc_amenities-congelateur","hc_amenities-douche","hc_amenities-douche-exterieure","hc_amenities-fer-a-repasser","hc_amenities-four","hc_amenities-grille-pain","hc_amenities-lave-linge","hc_amenities-lit-parapluie","hc_amenities-micro-ondes","hc_amenities-plaque-vitroceramique","hc_amenities-refrigerateur","hc_amenities-seche-cheveux","hc_amenities-television","hc_simple_amenities-garden","hc_simple_amenities-parking"],"_links":{"self":[{"href":"https:\/\/www.aupa-immo.com\/es\/wp-json\/wp\/v2\/seasonal_rental\/243773","targetHints":{"allow":["GET"]}}],"collection":[{"href":"https:\/\/www.aupa-immo.com\/es\/wp-json\/wp\/v2\/seasonal_rental"}],"about":[{"href":"https:\/\/www.aupa-immo.com\/es\/wp-json\/wp\/v2\/types\/seasonal_rental"}],"wp:featuredmedia":[{"embeddable":true,"href":"https:\/\/www.aupa-immo.com\/es\/wp-json\/wp\/v2\/media\/3162"}],"wp:attachment":[{"href":"https:\/\/www.aupa-immo.com\/es\/wp-json\/wp\/v2\/media?parent=243773"}],"wp:term":[{"taxonomy":"hc_type","embeddable":true,"href":"https:\/\/www.aupa-immo.com\/es\/wp-json\/wp\/v2\/hc_type?post=243773"},{"taxonomy":"hc_city","embeddable":true,"href":"https:\/\/www.aupa-immo.com\/es\/wp-json\/wp\/v2\/hc_city?post=243773"},{"taxonomy":"hc_rooms","embeddable":true,"href":"https:\/\/www.aupa-immo.com\/es\/wp-json\/wp\/v2\/hc_rooms?post=243773"},{"taxonomy":"hc_bedrooms","embeddable":true,"href":"https:\/\/www.aupa-immo.com\/es\/wp-json\/wp\/v2\/hc_bedrooms?post=243773"},{"taxonomy":"hc_amenities","embeddable":true,"href":"https:\/\/www.aupa-immo.com\/es\/wp-json\/wp\/v2\/hc_amenities?post=243773"},{"taxonomy":"hc_simple_amenities","embeddable":true,"href":"https:\/\/www.aupa-immo.com\/es\/wp-json\/wp\/v2\/hc_simple_amenities?post=243773"},{"taxonomy":"hc_view","embeddable":true,"href":"https:\/\/www.aupa-immo.com\/es\/wp-json\/wp\/v2\/hc_view?post=243773"}],"curies":[{"name":"wp","href":"https:\/\/api.w.org\/{rel}","templated":true}]}}

<p>MESSANGES, en una zona muy tranquila, a sólo 2 km de la playa y cerca de la piscina municipal, agradable casa dúplex adosada con jardín soleado con orientación sur. A pie o en bicicleta, venga y disfrute de los beneficios del aire de las Landas. ¡Para unas excelentes vacaciones, contáctenos!<br />
Se compone de: sala de estar con sofá y televisión, orientada al sur;   cocina americana con nevera-congelador, horno y placa eléctrica, microondas;   Lavadora debajo de las escaleras. Planta alta: 1 habitación con cama de 140*190, armario y ventana francesa que se abre al balcón, 1 habitación con cama de 140*190 y cama extra de 90*190, ventana, 1 baño con ducha, lavabo y armarios, 1 aseo separado. Cuna de viaje y trona. Capacidad: 4 personas.<br />
 LA LIMPIEZA DE FIN DE ESTANCIA NO ESTÁ INCLUIDA EN EL PRECIO DE ALQUILER (extra 90€). El seguro de cancelación se ofrece con un suplemento de 1€ incluido en las tarifas de reserva. Garantías de seguros disponibles bajo petición. Aupa Immobilier. M1012</p>

n°13 Domaine rés. Le Moïsan
Avenue des Dunes
40660 MESSANGES
